at is -25c - -3?
-259
In base 4, what is -12 + 230?
212
In base 5, what is -343 + 44?
-244
In base 9, what is 4 + -218?
-214
In base 7, what is 4 - -10600?
10604
In base 6, what is -13 + -3?
-20
In base 4, what is 220 + 1?
221
In base 6, what is 41455 - 4?
41451
In base 6, what is -115 - 104?
-223
In base 13, what is -2a5 + 1?
-2a4
In base 14, what is 4 - 8b8?
-8b4
In base 13, what is 43 - -18?
5b
In base 14, what is -1 - 15?
-16
In base 5, what is 1 + -30?
-24
In base 7, what is -1235 - 5?
-1243
In base 11, what is 5 + -12a2?
-1298
In base 10, what is 15 - -80?
95
In base 2, what is 111101 + -10100?
101001
In base 4, what is -10 + 21?
11
In base 5, what is 23003 - -2?
23010
In base 3, what is 101 - -12022?
12200
In base 6, what is 1133 + 1?
1134
In base 4, what is 11 + -32232?
-32221
In base 8, what is -2 + -7455?
-7457
In base 7, what is 4063 + 4?
4100
In base 6, what is 44 - -521?
1005
In base 8, what is 16 - 253?
-235
In base 5, what is -1401 - 32?
-1433
In base 5, what is 3 + -103?
-100
In base 4, what is 10 - -1011?
1021
In base 4, what is 11 + 12221?
12232
In base 3, what is 12010110 + -10?
12010100
In base 6, what is 2 - 2520?
-2514
In base 16, what is -2b1a - -3?
-2b17
In base 7, what is 12 - -135?
150
In base 15, what is -2a2 + -4?
-2a6
In base 4, what is 33 - -13?
112
In base 10, what is -97 + -85?
-182
In base 14, what is 57b + 3?
580
In base 2, what is -110 - 100001?
-100111
In base 14, what is 6 - 3a?
-34
In base 11, what is 151 + -77?
85
In base 6, what is 2 - 15?
-13
In base 8, what is -302 - -6?
-274
In base 5, what is 20 + 122?
142
In base 16, what is 3 - -30c?
30f
In base 15, what is 0 - -6b?
6b
In base 9, what is 1736 + 6?
1743
In base 9, what is 4 - 20?
-15
In base 5, what is -411 - 2?
-413
In base 11, what is 4 - 61a?
-616
In base 12, what is -12 - 72?
-84
In base 14, what is -bd2 - 4?
-bd6
In base 5, what is -2 + 2203?
2201
In base 7, what is -112 - -1?
-111
In base 10, what is -27 + 6?
-21
In base 6, what is -54 + -13?
-111
In base 2, what is 10011110 + 10001?
10101111
In base 5, what is -12 - -101?
34
In base 15, what is 1ba - -2?
1bc
In base 4, what is -1023133 - 2?
-1023201
In base 11, what is 174 - 0?
174
In base 2, what is -11 - 1001000?
-1001011
In base 4, what is -12210 + 3?
-12201
In base 8, what is 0 - 1023?
-1023
In base 15, what is -15 - -20?
a
In base 7, what is 0 + -15?
-15
In base 10, what is 25 + 8?
33
In base 7, what is 204 + -2?
202
In base 7, what is -1 - -1103?
1102
In base 9, what is -443 - 12?
-455
In base 9, what is 1 + 54?
55
In base 2, what is -100 - 101101?
-110001
In base 10, what is -261 + 1?
-260
In base 5, what is 423 + -41?
332
In base 12, what is 354 - -1?
355
In base 4, what is 11 + -20113?
-20102
In base 3, what is 12 - 10?
2
In base 2, what is -100 + 10000100010?
10000011110
In base 8, what is -116 - 4?
-122
In base 11, what is 4 - -112?
116
In base 7, what is 26251 + 4?
26255
In base 10, what is 1 - 174?
-173
In base 16, what is 5 - 2a0?
-29b
In base 6, what is 2 + -24?
-22
In base 16, what is -3f1 - 0?
-3f1
In base 2, what is -100000110 - 100?
-100001010
In base 14, what is 22 + -10?
12
In base 8, what is 2 - -431?
433
In base 5, what is 220 - 242?
-22
In base 9, what is 56 + -36?
20
In base 10, what is 4 + -902?
-898
In base 4, what is 203 + 12?
221
In base 6, what is 1 - 132?
-131
In base 5, what is 3123 + 2?
3130
In base 4, what is 23 - 11?
12
In base 15, what is 45 + 6?
4b
In base 5, what is -1143 + 1?
-1142
In base 2, what is -1101101100 + 10101?
-1101010111
In base 2, what is 110011111 + -100?
110011011
In base 7, what is -66160 + 3?
-66154
In base 5, what is -2 - -12?
10
In base 15, what is -2 - -11?
e
In base 6, what is 512 + -2?
510
In base 15, what is 1c - -50?
6c
In base 14, what is 19 - -17?
32
In base 15, what is 356 + 4?
35a
In base 14, what is 207 + 12?
219
In base 8, what is -5557 - -3?
-5554
In base 7, what is -106 + -1?
-110
In base 13, what is -19409 + -5?
-19411
In base 13, what is 2 + -10aa?
-10a8
In base 15, what is -318 - 2?
-31a
In base 2, what is -1100 + -1011100?
-1101000
In base 6, what is -214 + 3?
-211
In base 15, what is 44 + -7?
3c
In base 8, what is 77 + -3?
74
In base 15, what is -217 - 1?
-218
In base 2, what is -10 - 11001?
-11011
In base 14, what is -3dc5 + -3?
-3dc8
In base 10, what is -79 - 0?
-79
In base 15, what is 5 + -6a?
-65
In base 15, what is 5 - -9a1?
9a6
In base 13, what is -5 - 3?
-8
In base 4, what is -1211100 + 0?
-1211100
In base 10, what is 4 + 10?
14
In base 16, what is bba - 1?
bb9
In base 12, what is -15 - -ba?
a5
In base 2, what is -101100101 - 10?
-101100111
In base 16, what is -17 - 62?
-79
In base 7, what is -3 - -13215?
13212
In base 3, what is -12022 + 0?
-12022
In base 12, what is -2 + 10?
a
In base 4, what is -202 + 110?
-32
In base 8, what is -31 + -24?
-55
In base 13, what is -3a + 161?
124
In base 4, what is 12 - -1?
13
In base 4, what is -211 + -32?
-303
In base 6, what is 13434 - 3?
13431
In base 8, what is -10474 + 0?
-10474
In base 10, what is 5 + -3734?
-3729
In base 2, what is 111 + -101110101?
-101101110
In base 11, what is 5 - 842?
-838
In base 9, what is 2 + -5611?
-5608
In base 2, what is 1101111 + -101?
1101010
In base 4, what is 0 - 203331?
-203331
In base 13, what is -1885 + -2?
-1887
In base 14, what is -2d1 + 3?
-2cc
In base 16, what is -5d6 + -1?
-5d7
In base 15, what is 1a + -10?
a
In base 6, what is 0 - 215?
-215
In base 12, what is 6 + 14b?
155
In base 13, what is 0 + -15?
-15
In base 12, what is -3 - -179?
176
In base 4, what is -33 - -13?
-20
In base 15, what is 1 - -3a?
3b
In base 11, what is 4026 - -5?
4030
In base 4, what is -1200 + -100?
-1300
In base 5, what is 411132 - -4?
411141
In base 3, what is 11220 - 1212?
10001
In base 13, what is 3bc - 1?
3bb
In base 6, what is 4 + -4533?
-4525
In base 11, what is -2 - 1425?
-1427
In base 6, what is 4 + -125?
-121
In base 13, what is 0 + -1c?
-1c
In base 14, what is -1 - -2c?
2b
In base 5, what is 1 + 143?
144
In base 4, what is -111201 - -20?
-111121
In base 5, what is 10 + -1334?
-1324
In base 4, what is 2210 + -10?
2200
In base 10, what is 4235 + 0?
4235
In base 3, what is -100 - -2110?
2010
In base 16, what is 0 - 331?
-331
In base 11, what is 6 + 37?
42
In base 10, what is -3 + -4356?
-4359
In base 16, what is -a + -1?
-b
In base 10, what is -168 - -4?
-164
In base 9, what is -3245 - 1?
-3246
In base 16, what is 3 - -c8?
cb
In base 4, what is -11233 + 1?
-11232
In base 6, what is -4432 + 2?
-4430
In base 2, what is 11 + 1101011?
1101110
In base 12, what is 4765 + 0?
4765
In base 4, what is -1 + 12032?
12031
In base 9, what is 11 - 22?
-11
In base 2, what is -10110100010 - -10?
-10110100000
In base 11, what is 17 - 10?
7
In base 6, what is -20 + -501?
-521
In base 15, what is b4 + -3?
b1
In base 5, what is 12022 + 0?
12022
In base 8, what is -77 + -4?
-103
In base 13, what is 8c4 - -1?
8c5
In base 9, what is -1814 + -8?
-1823
In base 5, what is 4 + 0?
4
In base 7, what is -4222 - 4?
-4226
In base 2, what is -10 - 1100?
-1110
In base 11, what is 10 - -99?
a9
In base 10, what is 1 - 138?
-137
In base 3, what is -12012020 - 10?
-12012100
In base 2, what is 1111100001 + 100?
1111100101
In base 15, what is 15c - 1?
15b
In base 12, what is -277a + 3?
-2777
In base 12, what is 2 + 21?
23
In base 12, what is -b - 24?
-33
In base 8, what is -2 - 3734?
-3736
In base 5, what is 102123 + 2?
102130
In base 15, what is 17c - 1?
17b
In base 12, what is 3 - b?
-8
In base 11, what is 12 - -284?
296
In base 8, what is -3016 + 1?
-3015
In base 3, what is 2 - -100201220?
100201222
In base 5, what is -3 + -4100?
-4103
In base 11, what is -5 + 688?
683
In base 9, what is 3162 + -4?
3157
In base 4, what is 23200 + 10?
23210
In base 5, what is 4 + 13202?
13211
In base 5, what is 312 + 0?
312
In base 14, what is 4 - 963?
-95d
In base 16, what is -12c - -2?
-12a
In base 8, what is -3721 - 0?
-3721
In base 11, what is 3 - -48?
50
In base 10, what is 439 - -2?
441
In base 4, what is 1231030 + 11?
1231101
In base 16, what is -1c + -4a?
-66
In base 13, what is -3 - -61?
5b
In base 5, what is 4 + -22421?
-22412
In base 8, what is 434 - -5?
441
In base 13, what is 105a - 3?
1057
In base 9, what is -502 - 4?
-506
In base 6, what is 24 - 14?
10
In base 14, what is -10 + -167?
